{"id":240,"date":"2014-01-11T18:39:09","date_gmt":"2014-01-11T17:39:09","guid":{"rendered":"http:\/\/tauritzmuehle.de\/wordpress\/?page_id=240"},"modified":"2021-03-01T08:50:02","modified_gmt":"2021-03-01T07:50:02","slug":"grosser-keller","status":"publish","type":"page","link":"https:\/\/tauritzmuehle.de\/wordpress\/grosser-keller\/","title":{"rendered":"Gro\u00dfer Keller"},"content":{"rendered":"<p>Der gro\u00dfe Keller fasst bis zu 120 Personen und ist hervorragend f\u00fcr Feierlichkeiten aller Art geeignet. Es steht eine von der Gastwirtschaft unabh\u00e4ngige Infrastruktur zur Verf\u00fcgung.<\/p>\n<div class=\"tiled-gallery type-rectangular tiled-gallery-unresized\" data-original-width=\"1000\" data-carousel-extra='{&quot;blog_id&quot;:1,&quot;permalink&quot;:&quot;https:\\\/\\\/tauritzmuehle.de\\\/wordpress\\\/grosser-keller\\\/&quot;,&quot;likes_blog_id&quot;:61886499}' itemscope itemtype=\"http:\/\/schema.org\/ImageGallery\" > <div class=\"gallery-row\" style=\"width: 1000px; height: 283px;\" data-original-width=\"1000\" data-original-height=\"283\" > <div class=\"gallery-group images-1\" style=\"width: 500px; height: 283px;\" data-original-width=\"500\" data-original-height=\"283\" > <div class=\"tiled-gallery-item tiled-gallery-item-large\" itemprop=\"associatedMedia\" itemscope itemtype=\"http:\/\/schema.org\/ImageObject\"> <a href=\"https:\/\/i0.wp.com\/tauritzmuehle.de\/wordpress\/wp-content\/uploads\/2016\/05\/20150829_101311_001.jpg?ssl=1\" border=\"0\" itemprop=\"url\"> <meta itemprop=\"width\" content=\"496\"> <meta itemprop=\"height\" content=\"279\"> <img decoding=\"async\" class=\"\" data-attachment-id=\"453\" data-orig-file=\"https:\/\/tauritzmuehle.de\/wordpress\/wp-content\/uploads\/2016\/05\/20150829_101311_001.jpg\" data-orig-size=\"5312,2988\" data-comments-opened=\"\" data-image-meta=\"{&quot;aperture&quot;:&quot;1.9&quot;,&quot;credit&quot;:&quot;&quot;,&quot;camera&quot;:&quot;SM-G920F&quot;,&quot;caption&quot;:&quot;&quot;,&quot;created_timestamp&quot;:&quot;1440843191&quot;,&quot;copyright&quot;:&quot;&quot;,&quot;focal_length&quot;:&quot;4.3&quot;,&quot;iso&quot;:&quot;250&quot;,&quot;shutter_speed&quot;:&quot;0.04&quot;,&quot;title&quot;:&quot;&quot;,&quot;orientation&quot;:&quot;1&quot;}\" data-image-title=\"20150829_101311_001\" data-image-description=\"\" data-medium-file=\"https:\/\/i0.wp.com\/tauritzmuehle.de\/wordpress\/wp-content\/uploads\/2016\/05\/20150829_101311_001.jpg?fit=250%2C141&#038;ssl=1\" data-large-file=\"https:\/\/i0.wp.com\/tauritzmuehle.de\/wordpress\/wp-content\/uploads\/2016\/05\/20150829_101311_001.jpg?fit=1000%2C563&#038;ssl=1\" src=\"https:\/\/i0.wp.com\/tauritzmuehle.de\/wordpress\/wp-content\/uploads\/2016\/05\/20150829_101311_001.jpg?w=496&#038;h=279&#038;ssl=1\" srcset=\"https:\/\/i0.wp.com\/tauritzmuehle.de\/wordpress\/wp-content\/uploads\/2016\/05\/20150829_101311_001.jpg?w=5312&amp;ssl=1 5312w, https:\/\/i0.wp.com\/tauritzmuehle.de\/wordpress\/wp-content\/uploads\/2016\/05\/20150829_101311_001.jpg?resize=250%2C141&amp;ssl=1 250w, https:\/\/i0.wp.com\/tauritzmuehle.de\/wordpress\/wp-content\/uploads\/2016\/05\/20150829_101311_001.jpg?resize=768%2C432&amp;ssl=1 768w, https:\/\/i0.wp.com\/tauritzmuehle.de\/wordpress\/wp-content\/uploads\/2016\/05\/20150829_101311_001.jpg?resize=1820%2C1024&amp;ssl=1 1820w, https:\/\/i0.wp.com\/tauritzmuehle.de\/wordpress\/wp-content\/uploads\/2016\/05\/20150829_101311_001.jpg?resize=350%2C197&amp;ssl=1 350w, https:\/\/i0.wp.com\/tauritzmuehle.de\/wordpress\/wp-content\/uploads\/2016\/05\/20150829_101311_001.jpg?resize=860%2C484&amp;ssl=1 860w, https:\/\/i0.wp.com\/tauritzmuehle.de\/wordpress\/wp-content\/uploads\/2016\/05\/20150829_101311_001.jpg?w=2000&amp;ssl=1 2000w, https:\/\/i0.wp.com\/tauritzmuehle.de\/wordpress\/wp-content\/uploads\/2016\/05\/20150829_101311_001.jpg?w=3000&amp;ssl=1 3000w\" width=\"496\" height=\"279\" loading=\"lazy\" data-original-width=\"496\" data-original-height=\"279\" itemprop=\"http:\/\/schema.org\/image\" title=\"20150829_101311_001\" alt=\"20150829_101311_001\" style=\"width: 496px; height: 279px;\" \/> <\/a> <\/div> <\/div> <!-- close group --> <div class=\"gallery-group images-1\" style=\"width: 500px; height: 283px;\" data-original-width=\"500\" data-original-height=\"283\" > <div class=\"tiled-gallery-item tiled-gallery-item-large\" itemprop=\"associatedMedia\" itemscope itemtype=\"http:\/\/schema.org\/ImageObject\"> <a href=\"https:\/\/i0.wp.com\/tauritzmuehle.de\/wordpress\/wp-content\/uploads\/2016\/05\/20150905_101252-1.jpg?ssl=1\" border=\"0\" itemprop=\"url\"> <meta itemprop=\"width\" content=\"496\"> <meta itemprop=\"height\" content=\"279\"> <img decoding=\"async\" class=\"\" data-attachment-id=\"456\" data-orig-file=\"https:\/\/tauritzmuehle.de\/wordpress\/wp-content\/uploads\/2016\/05\/20150905_101252-1.jpg\" data-orig-size=\"5312,2988\" data-comments-opened=\"\" data-image-meta=\"{&quot;aperture&quot;:&quot;1.9&quot;,&quot;credit&quot;:&quot;&quot;,&quot;camera&quot;:&quot;SM-G920F&quot;,&quot;caption&quot;:&quot;&quot;,&quot;created_timestamp&quot;:&quot;1441447972&quot;,&quot;copyright&quot;:&quot;&quot;,&quot;focal_length&quot;:&quot;4.3&quot;,&quot;iso&quot;:&quot;200&quot;,&quot;shutter_speed&quot;:&quot;0.04&quot;,&quot;title&quot;:&quot;&quot;,&quot;orientation&quot;:&quot;1&quot;}\" data-image-title=\"20150905_101252\" data-image-description=\"\" data-medium-file=\"https:\/\/i0.wp.com\/tauritzmuehle.de\/wordpress\/wp-content\/uploads\/2016\/05\/20150905_101252-1.jpg?fit=250%2C141&#038;ssl=1\" data-large-file=\"https:\/\/i0.wp.com\/tauritzmuehle.de\/wordpress\/wp-content\/uploads\/2016\/05\/20150905_101252-1.jpg?fit=1000%2C563&#038;ssl=1\" src=\"https:\/\/i0.wp.com\/tauritzmuehle.de\/wordpress\/wp-content\/uploads\/2016\/05\/20150905_101252-1.jpg?w=496&#038;h=279&#038;ssl=1\" srcset=\"https:\/\/i0.wp.com\/tauritzmuehle.de\/wordpress\/wp-content\/uploads\/2016\/05\/20150905_101252-1.jpg?w=5312&amp;ssl=1 5312w, https:\/\/i0.wp.com\/tauritzmuehle.de\/wordpress\/wp-content\/uploads\/2016\/05\/20150905_101252-1.jpg?resize=250%2C141&amp;ssl=1 250w, https:\/\/i0.wp.com\/tauritzmuehle.de\/wordpress\/wp-content\/uploads\/2016\/05\/20150905_101252-1.jpg?resize=768%2C432&amp;ssl=1 768w, https:\/\/i0.wp.com\/tauritzmuehle.de\/wordpress\/wp-content\/uploads\/2016\/05\/20150905_101252-1.jpg?resize=1820%2C1024&amp;ssl=1 1820w, https:\/\/i0.wp.com\/tauritzmuehle.de\/wordpress\/wp-content\/uploads\/2016\/05\/20150905_101252-1.jpg?resize=350%2C197&amp;ssl=1 350w, https:\/\/i0.wp.com\/tauritzmuehle.de\/wordpress\/wp-content\/uploads\/2016\/05\/20150905_101252-1.jpg?resize=860%2C484&amp;ssl=1 860w, https:\/\/i0.wp.com\/tauritzmuehle.de\/wordpress\/wp-content\/uploads\/2016\/05\/20150905_101252-1.jpg?w=2000&amp;ssl=1 2000w, https:\/\/i0.wp.com\/tauritzmuehle.de\/wordpress\/wp-content\/uploads\/2016\/05\/20150905_101252-1.jpg?w=3000&amp;ssl=1 3000w\" width=\"496\" height=\"279\" loading=\"lazy\" data-original-width=\"496\" data-original-height=\"279\" itemprop=\"http:\/\/schema.org\/image\" title=\"20150905_101252\" alt=\"20150905_101252\" style=\"width: 496px; height: 279px;\" \/> <\/a> <\/div> <\/div> <!-- close group --> <\/div> <!-- close row --> <div class=\"gallery-row\" style=\"width: 1000px; height: 419px;\" data-original-width=\"1000\" data-original-height=\"419\" > <div class=\"gallery-group images-1\" style=\"width: 1000px; height: 419px;\" data-original-width=\"1000\" data-original-height=\"419\" > <div class=\"tiled-gallery-item tiled-gallery-item-large\" itemprop=\"associatedMedia\" itemscope itemtype=\"http:\/\/schema.org\/ImageObject\"> <a href=\"https:\/\/i0.wp.com\/tauritzmuehle.de\/wordpress\/wp-content\/uploads\/2016\/04\/slide10.jpg?ssl=1\" border=\"0\" itemprop=\"url\"> <meta itemprop=\"width\" content=\"996\"> <meta itemprop=\"height\" content=\"415\"> <img decoding=\"async\" class=\"\" data-attachment-id=\"313\" data-orig-file=\"https:\/\/tauritzmuehle.de\/wordpress\/wp-content\/uploads\/2016\/04\/slide10.jpg\" data-orig-size=\"1200,500\" data-comments-opened=\"\" data-image-meta=\"{&quot;aperture&quot;:&quot;0&quot;,&quot;credit&quot;:&quot;Alex Klett&quot;,&quot;camera&quot;:&quot;&quot;,&quot;caption&quot;:&quot;&quot;,&quot;created_timestamp&quot;:&quot;1460647576&quot;,&quot;copyright&quot;:&quot;&quot;,&quot;focal_length&quot;:&quot;0&quot;,&quot;iso&quot;:&quot;0&quot;,&quot;shutter_speed&quot;:&quot;0&quot;,&quot;title&quot;:&quot;&quot;,&quot;orientation&quot;:&quot;0&quot;}\" data-image-title=\"slide10\" data-image-description=\"\" data-medium-file=\"https:\/\/i0.wp.com\/tauritzmuehle.de\/wordpress\/wp-content\/uploads\/2016\/04\/slide10.jpg?fit=250%2C104&#038;ssl=1\" data-large-file=\"https:\/\/i0.wp.com\/tauritzmuehle.de\/wordpress\/wp-content\/uploads\/2016\/04\/slide10.jpg?fit=1000%2C417&#038;ssl=1\" src=\"https:\/\/i0.wp.com\/tauritzmuehle.de\/wordpress\/wp-content\/uploads\/2016\/04\/slide10.jpg?w=996&#038;h=415&#038;ssl=1\" srcset=\"https:\/\/i0.wp.com\/tauritzmuehle.de\/wordpress\/wp-content\/uploads\/2016\/04\/slide10.jpg?w=1200&amp;ssl=1 1200w, https:\/\/i0.wp.com\/tauritzmuehle.de\/wordpress\/wp-content\/uploads\/2016\/04\/slide10.jpg?resize=250%2C104&amp;ssl=1 250w, https:\/\/i0.wp.com\/tauritzmuehle.de\/wordpress\/wp-content\/uploads\/2016\/04\/slide10.jpg?resize=768%2C320&amp;ssl=1 768w\" width=\"996\" height=\"415\" loading=\"lazy\" data-original-width=\"996\" data-original-height=\"415\" itemprop=\"http:\/\/schema.org\/image\" title=\"slide10\" alt=\"slide10\" style=\"width: 996px; height: 415px;\" \/> <\/a> <\/div> <\/div> <!-- close group --> <\/div> <!-- close row --> <div class=\"gallery-row\" style=\"width: 1000px; height: 452px;\" data-original-width=\"1000\" data-original-height=\"452\" > <div class=\"gallery-group images-2\" style=\"width: 399px; height: 452px;\" data-original-width=\"399\" data-original-height=\"452\" > <div class=\"tiled-gallery-item tiled-gallery-item-large\" itemprop=\"associatedMedia\" itemscope itemtype=\"http:\/\/schema.org\/ImageObject\"> <a href=\"https:\/\/i0.wp.com\/tauritzmuehle.de\/wordpress\/wp-content\/uploads\/2016\/05\/20150905_101239.jpg?ssl=1\" border=\"0\" itemprop=\"url\"> <meta itemprop=\"width\" content=\"395\"> <meta itemprop=\"height\" content=\"222\"> <img decoding=\"async\" class=\"\" data-attachment-id=\"455\" data-orig-file=\"https:\/\/tauritzmuehle.de\/wordpress\/wp-content\/uploads\/2016\/05\/20150905_101239.jpg\" data-orig-size=\"5312,2988\" data-comments-opened=\"\" data-image-meta=\"{&quot;aperture&quot;:&quot;1.9&quot;,&quot;credit&quot;:&quot;&quot;,&quot;camera&quot;:&quot;SM-G920F&quot;,&quot;caption&quot;:&quot;&quot;,&quot;created_timestamp&quot;:&quot;1441447958&quot;,&quot;copyright&quot;:&quot;&quot;,&quot;focal_length&quot;:&quot;4.3&quot;,&quot;iso&quot;:&quot;125&quot;,&quot;shutter_speed&quot;:&quot;0.04&quot;,&quot;title&quot;:&quot;&quot;,&quot;orientation&quot;:&quot;1&quot;}\" data-image-title=\"20150905_101239\" data-image-description=\"\" data-medium-file=\"https:\/\/i0.wp.com\/tauritzmuehle.de\/wordpress\/wp-content\/uploads\/2016\/05\/20150905_101239.jpg?fit=250%2C141&#038;ssl=1\" data-large-file=\"https:\/\/i0.wp.com\/tauritzmuehle.de\/wordpress\/wp-content\/uploads\/2016\/05\/20150905_101239.jpg?fit=1000%2C563&#038;ssl=1\" src=\"https:\/\/i0.wp.com\/tauritzmuehle.de\/wordpress\/wp-content\/uploads\/2016\/05\/20150905_101239.jpg?w=395&#038;h=222&#038;ssl=1\" srcset=\"https:\/\/i0.wp.com\/tauritzmuehle.de\/wordpress\/wp-content\/uploads\/2016\/05\/20150905_101239.jpg?w=5312&amp;ssl=1 5312w, https:\/\/i0.wp.com\/tauritzmuehle.de\/wordpress\/wp-content\/uploads\/2016\/05\/20150905_101239.jpg?resize=250%2C141&amp;ssl=1 250w, https:\/\/i0.wp.com\/tauritzmuehle.de\/wordpress\/wp-content\/uploads\/2016\/05\/20150905_101239.jpg?resize=768%2C432&amp;ssl=1 768w, https:\/\/i0.wp.com\/tauritzmuehle.de\/wordpress\/wp-content\/uploads\/2016\/05\/20150905_101239.jpg?resize=1820%2C1024&amp;ssl=1 1820w, https:\/\/i0.wp.com\/tauritzmuehle.de\/wordpress\/wp-content\/uploads\/2016\/05\/20150905_101239.jpg?resize=350%2C197&amp;ssl=1 350w, https:\/\/i0.wp.com\/tauritzmuehle.de\/wordpress\/wp-content\/uploads\/2016\/05\/20150905_101239.jpg?resize=860%2C484&amp;ssl=1 860w, https:\/\/i0.wp.com\/tauritzmuehle.de\/wordpress\/wp-content\/uploads\/2016\/05\/20150905_101239.jpg?w=2000&amp;ssl=1 2000w, https:\/\/i0.wp.com\/tauritzmuehle.de\/wordpress\/wp-content\/uploads\/2016\/05\/20150905_101239.jpg?w=3000&amp;ssl=1 3000w\" width=\"395\" height=\"222\" loading=\"lazy\" data-original-width=\"395\" data-original-height=\"222\" itemprop=\"http:\/\/schema.org\/image\" title=\"20150905_101239\" alt=\"20150905_101239\" style=\"width: 395px; height: 222px;\" \/> <\/a> <\/div> <div class=\"tiled-gallery-item tiled-gallery-item-large\" itemprop=\"associatedMedia\" itemscope itemtype=\"http:\/\/schema.org\/ImageObject\"> <a href=\"https:\/\/i0.wp.com\/tauritzmuehle.de\/wordpress\/wp-content\/uploads\/2016\/05\/20150905_101223.jpg?ssl=1\" border=\"0\" itemprop=\"url\"> <meta itemprop=\"width\" content=\"395\"> <meta itemprop=\"height\" content=\"222\"> <img decoding=\"async\" class=\"\" data-attachment-id=\"454\" data-orig-file=\"https:\/\/tauritzmuehle.de\/wordpress\/wp-content\/uploads\/2016\/05\/20150905_101223.jpg\" data-orig-size=\"5312,2988\" data-comments-opened=\"\" data-image-meta=\"{&quot;aperture&quot;:&quot;1.9&quot;,&quot;credit&quot;:&quot;&quot;,&quot;camera&quot;:&quot;SM-G920F&quot;,&quot;caption&quot;:&quot;&quot;,&quot;created_timestamp&quot;:&quot;1441447943&quot;,&quot;copyright&quot;:&quot;&quot;,&quot;focal_length&quot;:&quot;4.3&quot;,&quot;iso&quot;:&quot;250&quot;,&quot;shutter_speed&quot;:&quot;0.04&quot;,&quot;title&quot;:&quot;&quot;,&quot;orientation&quot;:&quot;1&quot;}\" data-image-title=\"20150905_101223\" data-image-description=\"\" data-medium-file=\"https:\/\/i0.wp.com\/tauritzmuehle.de\/wordpress\/wp-content\/uploads\/2016\/05\/20150905_101223.jpg?fit=250%2C141&#038;ssl=1\" data-large-file=\"https:\/\/i0.wp.com\/tauritzmuehle.de\/wordpress\/wp-content\/uploads\/2016\/05\/20150905_101223.jpg?fit=1000%2C563&#038;ssl=1\" src=\"https:\/\/i0.wp.com\/tauritzmuehle.de\/wordpress\/wp-content\/uploads\/2016\/05\/20150905_101223.jpg?w=395&#038;h=222&#038;ssl=1\" srcset=\"https:\/\/i0.wp.com\/tauritzmuehle.de\/wordpress\/wp-content\/uploads\/2016\/05\/20150905_101223.jpg?w=5312&amp;ssl=1 5312w, https:\/\/i0.wp.com\/tauritzmuehle.de\/wordpress\/wp-content\/uploads\/2016\/05\/20150905_101223.jpg?resize=250%2C141&amp;ssl=1 250w, https:\/\/i0.wp.com\/tauritzmuehle.de\/wordpress\/wp-content\/uploads\/2016\/05\/20150905_101223.jpg?resize=768%2C432&amp;ssl=1 768w, https:\/\/i0.wp.com\/tauritzmuehle.de\/wordpress\/wp-content\/uploads\/2016\/05\/20150905_101223.jpg?resize=1820%2C1024&amp;ssl=1 1820w, https:\/\/i0.wp.com\/tauritzmuehle.de\/wordpress\/wp-content\/uploads\/2016\/05\/20150905_101223.jpg?resize=350%2C197&amp;ssl=1 350w, https:\/\/i0.wp.com\/tauritzmuehle.de\/wordpress\/wp-content\/uploads\/2016\/05\/20150905_101223.jpg?resize=860%2C484&amp;ssl=1 860w, https:\/\/i0.wp.com\/tauritzmuehle.de\/wordpress\/wp-content\/uploads\/2016\/05\/20150905_101223.jpg?w=2000&amp;ssl=1 2000w, https:\/\/i0.wp.com\/tauritzmuehle.de\/wordpress\/wp-content\/uploads\/2016\/05\/20150905_101223.jpg?w=3000&amp;ssl=1 3000w\" width=\"395\" height=\"222\" loading=\"lazy\" data-original-width=\"395\" data-original-height=\"222\" itemprop=\"http:\/\/schema.org\/image\" title=\"20150905_101223\" alt=\"20150905_101223\" style=\"width: 395px; height: 222px;\" \/> <\/a> <\/div> <\/div> <!-- close group --> <div class=\"gallery-group images-1\" style=\"width: 601px; height: 452px;\" data-original-width=\"601\" data-original-height=\"452\" > <div class=\"tiled-gallery-item tiled-gallery-item-large\" itemprop=\"associatedMedia\" itemscope itemtype=\"http:\/\/schema.org\/ImageObject\"> <a href=\"https:\/\/i0.wp.com\/tauritzmuehle.de\/wordpress\/wp-content\/uploads\/2016\/05\/P1010430.jpg?ssl=1\" border=\"0\" itemprop=\"url\"> <meta itemprop=\"width\" content=\"597\"> <meta itemprop=\"height\" content=\"448\"> <img decoding=\"async\" class=\"\" data-attachment-id=\"451\" data-orig-file=\"https:\/\/tauritzmuehle.de\/wordpress\/wp-content\/uploads\/2016\/05\/P1010430.jpg\" data-orig-size=\"1600,1200\" data-comments-opened=\"\" data-image-meta=\"{&quot;aperture&quot;:&quot;2.8&quot;,&quot;credit&quot;:&quot;&quot;,&quot;camera&quot;:&quot;DMC-FZ10&quot;,&quot;caption&quot;:&quot;&quot;,&quot;created_timestamp&quot;:&quot;1087655894&quot;,&quot;copyright&quot;:&quot;&quot;,&quot;focal_length&quot;:&quot;6&quot;,&quot;iso&quot;:&quot;200&quot;,&quot;shutter_speed&quot;:&quot;0.25&quot;,&quot;title&quot;:&quot;&quot;,&quot;orientation&quot;:&quot;1&quot;}\" data-image-title=\"P1010430\" data-image-description=\"\" data-medium-file=\"https:\/\/i0.wp.com\/tauritzmuehle.de\/wordpress\/wp-content\/uploads\/2016\/05\/P1010430.jpg?fit=250%2C188&#038;ssl=1\" data-large-file=\"https:\/\/i0.wp.com\/tauritzmuehle.de\/wordpress\/wp-content\/uploads\/2016\/05\/P1010430.jpg?fit=1000%2C750&#038;ssl=1\" src=\"https:\/\/i0.wp.com\/tauritzmuehle.de\/wordpress\/wp-content\/uploads\/2016\/05\/P1010430.jpg?w=597&#038;h=448&#038;ssl=1\" srcset=\"https:\/\/i0.wp.com\/tauritzmuehle.de\/wordpress\/wp-content\/uploads\/2016\/05\/P1010430.jpg?w=1600&amp;ssl=1 1600w, https:\/\/i0.wp.com\/tauritzmuehle.de\/wordpress\/wp-content\/uploads\/2016\/05\/P1010430.jpg?resize=250%2C188&amp;ssl=1 250w, https:\/\/i0.wp.com\/tauritzmuehle.de\/wordpress\/wp-content\/uploads\/2016\/05\/P1010430.jpg?resize=768%2C576&amp;ssl=1 768w, https:\/\/i0.wp.com\/tauritzmuehle.de\/wordpress\/wp-content\/uploads\/2016\/05\/P1010430.jpg?resize=1365%2C1024&amp;ssl=1 1365w\" width=\"597\" height=\"448\" loading=\"lazy\" data-original-width=\"597\" data-original-height=\"448\" itemprop=\"http:\/\/schema.org\/image\" title=\"P1010430\" alt=\"P1010430\" style=\"width: 597px; height: 448px;\" \/> <\/a> <\/div> <\/div> <!-- close group --> <\/div> <!-- close row --> <\/div>\n","protected":false},"excerpt":{"rendered":"<p>Der gro\u00dfe Keller fasst bis zu 120 Personen und ist hervorragend f\u00fcr Feierlichkeiten aller Art geeignet. Es steht eine von der Gastwirtschaft unabh\u00e4ngige Infrastruktur zur Verf\u00fcgung.<\/p>\n","protected":false},"author":2,"featured_media":647,"parent":0,"menu_order":0,"comment_status":"closed","ping_status":"closed","template":"","meta":{"jetpack_post_was_ever_published":false,"footnotes":""},"class_list":["post-240","page","type-page","status-publish","has-post-thumbnail","hentry"],"jetpack_shortlink":"https:\/\/wp.me\/P4bFvl-3S","jetpack_sharing_enabled":true,"_links":{"self":[{"href":"https:\/\/tauritzmuehle.de\/wordpress\/wp-json\/wp\/v2\/pages\/240","targetHints":{"allow":["GET"]}}],"collection":[{"href":"https:\/\/tauritzmuehle.de\/wordpress\/wp-json\/wp\/v2\/pages"}],"about":[{"href":"https:\/\/tauritzmuehle.de\/wordpress\/wp-json\/wp\/v2\/types\/page"}],"author":[{"embeddable":true,"href":"https:\/\/tauritzmuehle.de\/wordpress\/wp-json\/wp\/v2\/users\/2"}],"replies":[{"embeddable":true,"href":"https:\/\/tauritzmuehle.de\/wordpress\/wp-json\/wp\/v2\/comments?post=240"}],"version-history":[{"count":3,"href":"https:\/\/tauritzmuehle.de\/wordpress\/wp-json\/wp\/v2\/pages\/240\/revisions"}],"predecessor-version":[{"id":591,"href":"https:\/\/tauritzmuehle.de\/wordpress\/wp-json\/wp\/v2\/pages\/240\/revisions\/591"}],"wp:featuredmedia":[{"embeddable":true,"href":"https:\/\/tauritzmuehle.de\/wordpress\/wp-json\/wp\/v2\/media\/647"}],"wp:attachment":[{"href":"https:\/\/tauritzmuehle.de\/wordpress\/wp-json\/wp\/v2\/media?parent=240"}],"curies":[{"name":"wp","href":"https:\/\/api.w.org\/{rel}","templated":true}]}}